+ 25 = 0. What is the tens digit of a?
4
Suppose 4*j = -l - 2*l - 80, j - 2*l + 20 = 0. What is the units digit of 3/((48/j)/(-4))?
5
Suppose -2*l + 5*l - 707 = r, -5*l + 1189 = r. What is the hundreds digit of l?
2
Suppose -4*y + 78 = -2*i, 0 = -6*y + 3*y - 5*i + 65. What is the tens digit of y?
2
Suppose 3*s - 124 - 22 = -4*h, -2*h - 4*s + 78 = 0. What is the units digit of h?
5
Suppose -3*a + 87 = 5*v, 4*v = -5*a + 71 + 61. What is the tens digit of a?
2
Suppose -1 = 5*i - 21. Let k be (13/i)/((-1)/(-4)). Suppose 4*v - 57 = -k. What is the units digit of v?
1
Let d(k) = -k**2 + 6*k - 6. Let y be d(4). Let s = -46 - -72. Suppose -3*n = -0*r - 2*r + 11, -s = -4*r + y*n. What is the units digit of r?
7
Suppose 3*p = 1 + 11. Suppose 4 = -j, p*c - 8*j + 3*j = 40. Suppose 4*x - c*a + 16 = 3*x, -x - 4 = -2*a. What is the units digit of x?
4
Let v = 13 - 11. Suppose -v*d + 105 = d. What is the units digit of d?
5
Let t(s) = 2*s**2 - 8*s + 3. What is the tens digit of t(6)?
2
Let o(p) = p**2 + 10*p - 6. Let f be o(-10). What is the units digit of 10 + (-1)/(2/f)?
3
Let d = -29 - -44. Suppose -3*q + 24 = -d. What is the units digit of q?
3
What is the tens digit of 242 - -3*(-5 + 6)?
4
Suppose 10 + 0 = z. What is the units digit of z?
0
Let k be (0 - 6) + 3/1. What is the units digit of k/9 - 55/(-3)?
8
Let v = 6 + 29. What is the tens digit of v?
3
Let u(d) be the first derivative of 2*d**3/3 - d**2 - 3*d + 4. What is the units digit of u(-3)?
1
What is the hundreds digit of (-1)/2 + (-1938)/(-12)?
1
Let z(y) = y**3 + 5*y**2 - 8*y + 3. Let a be z(-6). Suppose -3*p - m = -19, 3*p + 0*m = 3*m + a. What is the units digit of 10 + p*(-3)/6?
7
Let f = -23 + 16. Let v = 3 - f. Suppose y - v - 2 = 0. What is the tens digit of y?
1
Suppose -4*d + 4*o + 750 = d, -5*o = 4*d - 559. What is the hundreds digit of d?
1
Let d be (-76)/(-2)*(-4)/(-4). Let s = d - 23. Suppose 3*b + 0*b = s. What is the units digit of b?
5
Let o be 2/3 - (-2)/(-3). Suppose o = 5*l + 4 + 1. Let y = 4 + l. What is the units digit of y?
3
Let j(d) = -d**3 - 24*d**2 + 51*d + 16. What is the tens digit of j(-26)?
4
Let i = 1 - -6. Suppose i + 1 = a. What is the units digit of a?
8
Let b = 461 + -322. What is the hundreds digit of b?
1
Suppose -4*c - 2*a = -247 + 47, 0 = 3*c - 3*a - 150. What is the units digit of c?
0
Let m(q) = 4*q - 12. What is the units digit of m(14)?
4
Let x(l) be the first derivative of l**4/4 - l**2/2 + l + 4. Let a(i) = 3*i**3 - 4*i**2 + 2*i - 1. Let t(z) = a(z) - 2*x(z). What is the tens digit of t(4)?
1
Suppose 12*i - 1704 = 4*i. What is the tens digit of i?
1
What is the tens digit of 1680/25 + (-4)/20?
6
Suppose -5 = -3*u - 32. Let t = -19 - u. What is the units digit of (-5)/t - (-19)/2?
0
Let n(w) = -3*w**2 - 11*w + 17. Let i(t) = t**2 + 5*t - 8. Let u(c) = -5*i(c) - 2*n(c). What is the units digit of u(4)?
0
Suppose 0 = 3*g - 4*g - u + 10, 5*g = -4*u + 48. Suppose -4*l = g - 28. Let w = 21 - l. What is the units digit of w?
6
Let k be 0*(20/8 - 2). What is the units digit of -1 + (-1 + k)*-37?
6
Let o = 14 - 9. Suppose -2*w + 22 = -r + 4*r, -3*w + 37 = o*r. What is the units digit of 3/9 + r/3?
3
Let o = 1 - -15. What is the tens digit of o?
1
Let r(b) be the third derivative of -b**5/60 - b**4/24 + b**3/3 - b**2. Let x(c) be the first derivative of r(c). What is the units digit of x(-4)?
7
What is the hundreds digit of (-3 + 2 - 4) + 132?
1
Suppose 3*t = 6*t - 48. What is the units digit of t?
6
Let y(r) = 3*r**2 + 11*r + 22. What is the units digit of y(-10)?
2
Suppose 6*p = 298 + 470. What is the tens digit of p?
2
Let i = 0 - -2. Let g(b) = i*b - b**3 - b**3 - b. What is the units digit of g(-1)?
1
Let u(w) be the third derivative of -w**4/12 + w**3/6 - 7*w**2. What is the units digit of u(-5)?
1
What is the hundreds digit of (2/6)/(4/16)*108?
1
Let t = -14 + 137. What is the units digit of t?
3
Let j(m) = -49*m**3 + 2*m**2 + m. Suppose k = -2*k - 3. Let p be j(k). Suppose 0 = 3*l + 2 - p. What is the tens digit of l?
1
Let i(s) = 57*s - 5. What is the hundreds digit of i(3)?
1
Let v(d) be the first derivative of 12*d**2 - d - 3. What is the units digit of v(1)?
3
Let p be (6 - 8)*2/(-4). Let f = 2 - p. Let q(j) = 7*j**2 - j + 1. What is the units digit of q(f)?
7
Suppose o = k - 58, 4*o + o - 88 = -k. What is the tens digit of k?
6
Suppose 13*g - 234 - 403 = 0. What is the units digit of g?
9
Suppose 820 = -6*m + 11*m. What is the units digit of m?
4
Let h(r) = -14*r + 12. Let i(d) = 5*d - 4. Let b(s) = -4*h(s) - 11*i(s). What is the units digit of b(9)?
5
Let c(f) = -11. Let u(r) = -r + 45. Let g(a) = 9*c(a) + 2*u(a). What is the tens digit of g(-10)?
1
What is the hundreds digit of (-1)/(-2)*11*22 + 3?
1
Let d = 17 - 8. Let z = d + -7. Let r(b) = b**3 - b**2 + 3*b - 2. What is the units digit of r(z)?
8
Suppose -4*w = -5*j + 112, -38 = -j - 4*w - 6. What is the units digit of j?
4
Let w be 2/(7/(42/(-4))) - -7. Let u = 1 - 3. Let s = u + w. What is the units digit of s?
2
Suppose -1 = 2*g - 11. Suppose 0 = -x - 3*x + g*v + 61, 1 = -v. What is the units digit of x?
4
Let v(b) = 18*b**2 - 1. Let i be v(-1). Let k be i/(-4) - (-4)/16. What is the units digit of 16/3 - k/6?
6
Let h = 3 + -10. Let g(x) = x**2 - x. Let z(i) = 6*i**2 + 2*i + 2. Let b(o) = -5*g(o) + z(o). What is the units digit of b(h)?
2
Let w(l) = l**3 + 6*l**2 + 3. Let d be w(-6). Let h(b) = 2*b - 6*b**2 + 8 - 4*b - b**3 + d*b. What is the units digit of h(-6)?
2
Suppose -3*b + 0*v + 5 = 5*v, -4*v + 4 = b. Let z = b + 4. What is the units digit of z?
4
Let i(a) be the first derivative of a**2/2 - 1. Let y be i(2). What is the units digit of 0 + 1 - (y - 3)?
2
Let p be (0 + 1 + -2)*-30. Suppose -2*c - 2*g + p = 0, -6*g = -4*c - 3*g + 81. What is the tens digit of c?
1
Suppose -x = -g + 3 - 1, 2*g = -2*x - 4. Suppose -3*y + 3*t + 32 = 2*t, -4*t = 4*y - 32. Suppose g = -f - 0*f + y. What is the units digit of f?
0
Suppose d + 5*q - 7 = 19, 4*d - 167 = q. What is the units digit of d?
1
Let o = -41 + 61. Let u be (-17)/(-5) - 8/o. What is the units digit of (-33)/(-6) + u/6?
6
Let b = 9 - 5. Suppose 3*d + 3 = 2*d - o, -2*o = b*d + 2. Suppose d*q - 20 + 4 = 0. What is the units digit of q?
8
Suppose 170 = 2*s - 4*r, 3*r = -3*s + 4*s - 81. What is the tens digit of s?
9
Let p(d) = -d**3 - 7*d**2 + 8*d - 6. Let o be p(-8). Let x(c) = 2*c**2 + 8*c + 4. What is the tens digit of x(o)?
2
Let t(g) = 3*g**2 - 3*g - 1. Let r be t(3). Suppose -2*m - r = 2*u - 7*m, 3*u + 2*m = -16. Let n = -3 - u. What is the units digit of n?
3
Let l(b) be the second derivative of b**4/12 - 5*b**3/6 + 5*b**2/2 + b. Let n be l(5). Suppose 2*g + 5*u = 21 + 21, 39 = n*g - 4*u. What is the tens digit of g?
1
Let s(n) = n**2 - 4*n + 10. What is the tens digit of s(7)?
3
Suppose -2*j - 11 + 15 = 0. What is the units digit of j/4 - (-45)/6?
8
Let u be (-5)/2*(-24)/(-6). What is the units digit of 2/u - (-106)/5?
1
Suppose -167 = -3*r - 1505. Let l be (-4)/(-18) - r/18. Let z = l + -13. What is the units digit of z?
2
Suppose -4*c = -3*c + 2*n - 26, -5*c + 105 = 5*n. Suppose -2*s + 4*s = c. Suppose -4*q - q + 20 = 5*a, q - 3*a - s = 0. What is the units digit of q?
5
What is the units digit of (-62)/4*1*-2?
1
Let p(j) = 4*j - 3. What is the tens digit of p(5)?
1
Let a(n) = -n**2 - 10*n - 3. What is the units digit of a(-9)?
6
Suppose -11 = -x + 2*o, -24 = x - 4*x + 3*o. Suppose s = g - s + x, -4 = -s. Suppose g*b = 3*p - 24, -69 + 19 = -4*p - 5*b. What is the units digit of p?
0
Suppose 5*u + 3*a = 298, 0*u - 3*u - 3*a = -180. Suppose -u = -2*o - 19. Let w = o - 11. What is the units digit of w?
9
Suppose -3*f - 4 = -4*f. What is the units digit of f?
4
Suppose 2*x = -a + 16, -2*x + 13 = -5*a + 81. Let q = 23 - a. What is the units digit of q?
9
Let l(r) = 1 - r - 1 + 0. Let c be l(3). What is the units digit of c/(-12) + (-15)/(-4)?
4
Let u be -1 + -35 + (4 - 3). Suppose 2*b + 2*f + 110 = 0, -4*b - 86 = f + 125. Let h = u - b. What is the tens digit of h?
1
Suppose 9*m = -2*m + 1001. What is the tens digit of m?
9
Let i = -117 - -175. What is the tens digit of i?
5
Suppose 2*g + 14 = -0*g + 2*x, -4*x - 35 = 5*g. Let w = 10 + g. Suppose y - 4*i - 18 = 0, -2*y - i = w*i + 12. What is the units digit of y?
2
Let c(t) = t**